{"id":6281,"date":"2026-02-09T21:34:07","date_gmt":"2026-02-09T20:34:07","guid":{"rendered":"https:\/\/agilitynews.eu\/?page_id=6281"},"modified":"2026-02-09T21:34:35","modified_gmt":"2026-02-09T20:34:35","slug":"international-events-2025","status":"publish","type":"page","link":"https:\/\/agilitynews.eu\/?page_id=6281","title":{"rendered":"International Events 2025"},"content":{"rendered":"<style>.hover:hover {cursor:pointer;color:blue;}<\/style>\n<table id=\"2025\" style=\"width: 100%;\">\n<tbody>\n<tr>\n<td width=\"12%\">Date<\/td>\n<td width=\"7%\">Month<\/td>\n<td width=\"6%\">Year<\/td>\n<td width=\"44%\">Name<\/td>\n<td colspan=\"2\" width=\"33%\">Location<\/td>\n<td width=\"10%\">Link<\/td>\n<\/tr>\n<tr class='hover' onclick=\"window.open('https:\/\/proseccup.it\/','_blank')\">\n<td>17-19<\/td>\n<td>01<\/td>\n<td>2025<\/td>\n<td>ProsecCup<\/td>\n<td>IT<\/td>\n<td>Treviso<\/td>\n<td>www<\/td>\n<\/tr>\n<tr class='hover' onclick=\"window.open('https:\/\/polishopen.dog\/','_blank')\">\n<td>07-09<\/td>\n<td>02<\/td>\n<td>2025<\/td>\n<td>Polish Open<\/td>\n<td>PL<\/td>\n<td>Legnica<\/td>\n<td>www<\/td>\n<\/tr>\n<tr class='hover' onclick=\"window.open('https:\/\/www.crufts.org.uk\/','_blank')\">\n<td>06-09<\/td>\n<td>03<\/td>\n<td>2025<\/td>\n<td>Crufts<\/td>\n<td>GB<\/td>\n<td>Birmingham<\/td>\n<td>www<\/td>\n<\/tr>\n<tr class='hover' onclick=\"window.open('https:\/\/2025.fmbb.be\/','_blank')\">\n<td>06-11<\/td>\n<td>05<\/td>\n<td>2025<\/td>\n<td>FMBB<\/td>\n<td>GR<\/td>\n<td>Kerpenisi<\/td>\n<td>www<\/td>\n<\/tr>\n<tr class='hover' onclick=\"window.open('http:\/\/www.worldagilityopen.com\/','_blank')\">\n<td>14-18<\/td>\n<td>05<\/td>\n<td>2025<\/td>\n<td>WAO World Agility Open Championship<\/td>\n<td>NL<\/td>\n<td>Ermelo<\/td>\n<td>www<\/td>\n<\/tr>\n<tr class='hover' onclick=\"window.open('https:\/\/romagility.dog\/','_blank')\">\n<td>30-02<\/td>\n<td>05-06<\/td>\n<td>2025<\/td>\n<td>Rome Agility Festival<\/td>\n<td>IT<\/td>\n<td>Rome<\/td>\n<td>www<\/td>\n<\/tr>\n<tr class='hover' onclick=\"window.open('https:\/\/www.alpineagilityopen.it\/','_blank')\">\n<td>06-08<\/td>\n<td>06<\/td>\n<td>2025<\/td>\n<td>Alpine Agility Open<\/td>\n<td>IT<\/td>\n<td>Pragelato<\/td>\n<td>www<\/td>\n<\/tr>\n<tr class='hover' onclick=\"window.open('https:\/\/www.austrianagilityopen.com\/','_blank')\">\n<td>13-15<\/td>\n<td>06<\/td>\n<td>2025<\/td>\n<td>Austrian Agility Open<\/td>\n<td>AT<\/td>\n<td>Gleisdorf<\/td>\n<td>www<\/td>\n<\/tr>\n<tr class='hover' onclick=\"window.open('https:\/\/www.swissdsf.ch\/en\/wac-2025','_blank')\">\n<td>16-22<\/td>\n<td>06<\/td>\n<td>2025<\/td>\n<td>IFCS World Agility Championship<\/td>\n<td>CH<\/td>\n<td>Givrins<\/td>\n<td>www<\/td>\n<\/tr>\n<tr class='hover' onclick=\"window.open('https:\/\/agifest.fi\/','_blank')\">\n<td>19-22<\/td>\n<td>06<\/td>\n<td>2025<\/td>\n<td>Midsummer Dog Sports Festival<\/td>\n<td>FI<\/td>\n<td>Lohja<\/td>\n<td>www<\/td>\n<\/tr>\n<tr class='hover' onclick=\"window.open('https:\/\/slovenianagilityopen.com\/','_blank')\">\n<td>27-29<\/td>\n<td>06<\/td>\n<td>2025<\/td>\n<td>Slovenian Agility Open<\/td>\n<td>SI<\/td>\n<td>Ptuj<\/td>\n<td>www<\/td>\n<\/tr>\n<tr class='hover' onclick=\"window.open('https:\/\/www.dutchopen.net\/','_blank')\">\n<td>02-06<\/td>\n<td>07<\/td>\n<td>2025<\/td>\n<td>Dutch Open<\/td>\n<td>NL<\/td>\n<td>Someren<\/td>\n<td>www<\/td>\n<\/tr>\n<tr class='hover' onclick=\"window.open('http:\/\/www.moraviaopen.cz\/','_blank')\">\n<td>04-06<\/td>\n<td>07<\/td>\n<td>2025<\/td>\n<td>Moravia Open<\/td>\n<td>CZ<\/td>\n<td>Ro\u017enov pod Radho\u0161t\u011bm<\/td>\n<td>www<\/td>\n<\/tr>\n<tr class='hover' onclick=\"window.open('https:\/\/agilityabrantes2025.pt\/','_blank')\">\n<td>09-13<\/td>\n<td>07<\/td>\n<td>2025<\/td>\n<td>JOAWC SOAWC Junior &#8211; Senior Open<\/td>\n<td>PT<\/td>\n<td>Abrantes<\/td>\n<td>www<\/td>\n<\/tr>\n<tr class='hover' onclick=\"window.open('https:\/\/agilityabrantes2025.pt\/','_blank')\">\n<td>16-20<\/td>\n<td>07<\/td>\n<td>2025<\/td>\n<td>EO European Open<\/td>\n<td>PT<\/td>\n<td>Abrantes<\/td>\n<td>www<\/td>\n<\/tr>\n<tr class='hover' onclick=\"window.open('https:\/\/bcc2025.pt\/','_blank')\">\n<td>23-27<\/td>\n<td>07<\/td>\n<td>2025<\/td>\n<td>BCC Border Collie Classic<\/td>\n<td>PT<\/td>\n<td>Abrantes<\/td>\n<td>www<\/td>\n<\/tr>\n<tr class='hover' onclick=\"window.open('http:\/\/rialp.run\/','_blank')\">\n<td>02-07<\/td>\n<td>08<\/td>\n<td>2025<\/td>\n<td>Rialp Summer Agility Competition<\/td>\n<td>ES<\/td>\n<td>Rialp<\/td>\n<td>www<\/td>\n<\/tr>\n<tr class='hover' onclick=\"window.open('https:\/\/www.pragueagilityparty.com\/','_blank')\">\n<td>08-10<\/td>\n<td>08<\/td>\n<td>2025<\/td>\n<td>Prague Agility Party<\/td>\n<td>CZ<\/td>\n<td>Prague<\/td>\n<td>www<\/td>\n<\/tr>\n<tr class='hover' onclick=\"window.open('https:\/\/www.verbanochallenge.it\/','_blank')\">\n<td>05-07<\/td>\n<td>09<\/td>\n<td>2025<\/td>\n<td>Verbano Challenge<\/td>\n<td>IT<\/td>\n<td>Gorla Minore (VA)<\/td>\n<td>www<\/td>\n<\/tr>\n<tr class='hover' onclick=\"window.open('https:\/\/www.imcapawc.org\/','_blank')\">\n<td>10-14<\/td>\n<td>09<\/td>\n<td>2025<\/td>\n<td>IMCA &#8211; PAWC<\/td>\n<td>IT<\/td>\n<td>Lignano Sabbiadoro<\/td>\n<td>www<\/td>\n<\/tr>\n<tr class='hover' onclick=\"window.open('https:\/\/www.agilitywc2025.com\/','_blank')\">\n<td>17-21<\/td>\n<td>09<\/td>\n<td>2025<\/td>\n<td>FCI Agility World Championships<\/td>\n<td>SE<\/td>\n<td>Kalmar<\/td>\n<td>www<\/td>\n<\/tr>\n<tr class='hover' onclick=\"window.open('http:\/\/www.norwegian-open.com\/','_blank')\">\n<td>10-12<\/td>\n<td>10<\/td>\n<td>2025<\/td>\n<td>Norwegian Open<\/td>\n<td>NO<\/td>\n<td>Kongsvinger<\/td>\n<td>www<\/td>\n<\/tr>\n<tr class='hover' onclick=\"window.open('https:\/\/www.halloweenagilityopen.it\/','_blank')\">\n<td>24-26<\/td>\n<td>10<\/td>\n<td>2025<\/td>\n<td>Halloween Agility Open<\/td>\n<td>IT<\/td>\n<td>Magnago (MI)<\/td>\n<td>www<\/td>\n<\/tr>\n<\/tbody>\n<\/table>\n","protected":false},"excerpt":{"rendered":"<p>Date Month Year Name Location Link 17-19 01 2025 ProsecCup IT Treviso www 07-09 02 2025 Polish Open PL Legnica www 06-09 03 2025 Crufts GB Birmingham www 06-11 05 2025 FMBB GR Kerpenisi www 14-18 05 2025 WAO World Agility Open Championship NL Ermelo www 30-02 05-06 2025 Rome Agility Festival IT Rome www [&hellip;]<\/p>\n","protected":false},"author":2,"featured_media":0,"parent":136,"menu_order":0,"comment_status":"closed","ping_status":"closed","template":"page-full.php","meta":[],"yoast_head":"<!-- This site is optimized with the Yoast SEO plugin v15.7 - https:\/\/yoast.com\/wordpress\/plugins\/seo\/ -->\n<meta name=\"robots\" content=\"index, follow, max-snippet:-1, max-image-preview:large, max-video-preview:-1\" \/>\n<link rel=\"canonical\" href=\"https:\/\/agilitynews.eu\/?page_id=6281\" \/>\n<meta property=\"og:locale\" content=\"en_GB\" \/>\n<meta property=\"og:type\" content=\"article\" \/>\n<meta property=\"og:title\" content=\"International Events 2025 - AGILITYnews.eu\" \/>\n<meta property=\"og:description\" content=\"Date Month Year Name Location Link 17-19 01 2025 ProsecCup IT Treviso www 07-09 02 2025 Polish Open PL Legnica www 06-09 03 2025 Crufts GB Birmingham www 06-11 05 2025 FMBB GR Kerpenisi www 14-18 05 2025 WAO World Agility Open Championship NL Ermelo www 30-02 05-06 2025 Rome Agility Festival IT Rome www [&hellip;]\" \/>\n<meta property=\"og:url\" content=\"https:\/\/agilitynews.eu\/?page_id=6281\" \/>\n<meta property=\"og:site_name\" content=\"AGILITYnews.eu\" \/>\n<meta property=\"article:modified_time\" content=\"2026-02-09T20:34:35+00:00\" \/>\n<meta name=\"twitter:card\" content=\"summary\" \/>\n<meta name=\"twitter:label1\" content=\"Estimated reading time\">\n\t<meta name=\"twitter:data1\" content=\"1 minute\">\n<script type=\"application\/ld+json\" class=\"yoast-schema-graph\">{\"@context\":\"https:\/\/schema.org\",\"@graph\":[{\"@type\":\"WebSite\",\"@id\":\"https:\/\/agilitynews.eu\/#website\",\"url\":\"https:\/\/agilitynews.eu\/\",\"name\":\"AGILITYnews.eu\",\"description\":\"Information and coverage of the most beautiful sport in the world : Agility\",\"potentialAction\":[{\"@type\":\"SearchAction\",\"target\":\"https:\/\/agilitynews.eu\/?s={search_term_string}\",\"query-input\":\"required name=search_term_string\"}],\"inLanguage\":\"en-GB\"},{\"@type\":\"WebPage\",\"@id\":\"https:\/\/agilitynews.eu\/?page_id=6281#webpage\",\"url\":\"https:\/\/agilitynews.eu\/?page_id=6281\",\"name\":\"International Events 2025 - AGILITYnews.eu\",\"isPartOf\":{\"@id\":\"https:\/\/agilitynews.eu\/#website\"},\"datePublished\":\"2026-02-09T20:34:07+00:00\",\"dateModified\":\"2026-02-09T20:34:35+00:00\",\"inLanguage\":\"en-GB\",\"potentialAction\":[{\"@type\":\"ReadAction\",\"target\":[\"https:\/\/agilitynews.eu\/?page_id=6281\"]}]}]}<\/script>\n<!-- \/ Yoast SEO plugin. -->","_links":{"self":[{"href":"https:\/\/agilitynews.eu\/index.php?rest_route=\/wp\/v2\/pages\/6281"}],"collection":[{"href":"https:\/\/agilitynews.eu\/index.php?rest_route=\/wp\/v2\/pages"}],"about":[{"href":"https:\/\/agilitynews.eu\/index.php?rest_route=\/wp\/v2\/types\/page"}],"author":[{"embeddable":true,"href":"https:\/\/agilitynews.eu\/index.php?rest_route=\/wp\/v2\/users\/2"}],"replies":[{"embeddable":true,"href":"https:\/\/agilitynews.eu\/index.php?rest_route=%2Fwp%2Fv2%2Fcomments&post=6281"}],"version-history":[{"count":3,"href":"https:\/\/agilitynews.eu\/index.php?rest_route=\/wp\/v2\/pages\/6281\/revisions"}],"predecessor-version":[{"id":6284,"href":"https:\/\/agilitynews.eu\/index.php?rest_route=\/wp\/v2\/pages\/6281\/revisions\/6284"}],"up":[{"embeddable":true,"href":"https:\/\/agilitynews.eu\/index.php?rest_route=\/wp\/v2\/pages\/136"}],"wp:attachment":[{"href":"https:\/\/agilitynews.eu\/index.php?rest_route=%2Fwp%2Fv2%2Fmedia&parent=6281"}],"curies":[{"name":"wp","href":"https:\/\/api.w.org\/{rel}","templated":true}]}}