{"id":70,"date":"2015-02-09T20:38:35","date_gmt":"2015-02-09T19:38:35","guid":{"rendered":"http:\/\/agilitynews.eu\/?page_id=70"},"modified":"2021-01-31T22:27:38","modified_gmt":"2021-01-31T21:27:38","slug":"trial-page-1","status":"publish","type":"page","link":"https:\/\/agilitynews.eu\/?page_id=70","title":{"rendered":"International Events 2015"},"content":{"rendered":"<p>&nbsp;<\/p>\n<table style=\"width: 100%\">\n<tbody>\n<tr>\n<td width=\"12%\">Date<\/td>\n<td width=\"7%\">Month<\/td>\n<td width=\"6%\">Year<\/td>\n<td width=\"54%\">Name<\/td>\n<td colspan=\"2\" width=\"23%\">Location<\/td>\n<td width=\"10%\">Link<\/td>\n<\/tr>\n<tr>\n<td><a href=\"http:\/\/www.crufts.org.uk\/\" target=\"_blank\" rel=\"noopener\">5-8<\/a><\/td>\n<td><a href=\"http:\/\/www.crufts.org.uk\/\" target=\"_blank\" rel=\"noopener\">03<\/a><\/td>\n<td><a href=\"http:\/\/www.crufts.org.uk\/\" target=\"_blank\" rel=\"noopener\">2015<\/a><\/td>\n<td><a href=\"http:\/\/www.crufts.org.uk\/\" target=\"_blank\" rel=\"noopener\">Crufts<\/a><\/td>\n<td><a href=\"http:\/\/www.crufts.org.uk\/\" target=\"_blank\" rel=\"noopener\">UK<\/a><\/td>\n<td><a href=\"http:\/\/www.crufts.org.uk\/\" target=\"_blank\" rel=\"noopener\">Birmingham<\/a><\/td>\n<td><a href=\"http:\/\/www.crufts.org.uk\/\" target=\"_blank\" rel=\"noopener\">www<\/a><\/td>\n<\/tr>\n<tr>\n<td><a href=\"http:\/\/www.worldagilitychampionship.com\/\" target=\"_blank\" rel=\"noopener\">08-12<\/a><\/td>\n<td><a href=\"http:\/\/www.worldagilitychampionship.com\/\" target=\"_blank\" rel=\"noopener\">04<\/a><\/td>\n<td><a href=\"http:\/\/www.worldagilitychampionship.com\/\" target=\"_blank\" rel=\"noopener\">2015<\/a><\/td>\n<td><a href=\"http:\/\/www.worldagilitychampionship.com\/\" target=\"_blank\" rel=\"noopener\">WAC World Agility Championships<\/a><\/td>\n<td><a href=\"http:\/\/www.worldagilitychampionship.com\/\" target=\"_blank\" rel=\"noopener\">IT<\/a><\/td>\n<td><a href=\"http:\/\/www.worldagilitychampionship.com\/\" target=\"_blank\" rel=\"noopener\">Voghera<\/a><\/td>\n<td><a href=\"http:\/\/www.worldagilitychampionship.com\/\" target=\"_blank\" rel=\"noopener\">www<\/a><\/td>\n<\/tr>\n<tr>\n<td><a href=\"http:\/\/www.jerseyagility.co.uk\/\" target=\"_blank\" rel=\"noopener\">1-4<\/a><\/td>\n<td><a href=\"http:\/\/www.jerseyagility.co.uk\/\" target=\"_blank\" rel=\"noopener\">05<\/a><\/td>\n<td><a href=\"http:\/\/www.jerseyagility.co.uk\/\" target=\"_blank\" rel=\"noopener\">2015<\/a><\/td>\n<td><a href=\"http:\/\/www.jerseyagility.co.uk\/\" target=\"_blank\" rel=\"noopener\">JEAF Jersey European Aglity Festval<\/a><\/td>\n<td><a href=\"http:\/\/www.jerseyagility.co.uk\/\" target=\"_blank\" rel=\"noopener\">UK<\/a><\/td>\n<td><a href=\"http:\/\/www.jerseyagility.co.uk\/\" target=\"_blank\" rel=\"noopener\">Jersey<\/a><\/td>\n<td><a href=\"http:\/\/www.jerseyagility.co.uk\/\" target=\"_blank\" rel=\"noopener\">www<\/a><\/td>\n<\/tr>\n<tr>\n<td><a href=\"http:\/\/www.fmbb2015.com\/web\/en\/\" target=\"_blank\" rel=\"noopener\">7-10<\/a><\/td>\n<td><a href=\"http:\/\/www.fmbb2015.com\/web\/en\/\" target=\"_blank\" rel=\"noopener\">05<\/a><\/td>\n<td><a href=\"http:\/\/www.fmbb2015.com\/web\/en\/\" target=\"_blank\" rel=\"noopener\">2015<\/a><\/td>\n<td><a href=\"http:\/\/www.fmbb2015.com\/web\/en\/\" target=\"_blank\" rel=\"noopener\">FMBB WK Belgische herders<\/a><\/td>\n<td><a href=\"http:\/\/www.fmbb2015.com\/web\/en\/\" target=\"_blank\" rel=\"noopener\">CZ<\/a><\/td>\n<td><a href=\"http:\/\/www.fmbb2015.com\/web\/en\/\" target=\"_blank\" rel=\"noopener\">P\u00edsek<\/a><\/td>\n<td><a href=\"http:\/\/www.fmbb2015.com\/web\/en\/\" target=\"_blank\" rel=\"noopener\">www<\/a><\/td>\n<\/tr>\n<tr>\n<td><a href=\"http:\/\/www.worldagilityopen.com\/\" target=\"_blank\" rel=\"noopener\">14-17<\/a><\/td>\n<td><a href=\"http:\/\/www.worldagilityopen.com\/\" target=\"_blank\" rel=\"noopener\">05<\/a><\/td>\n<td><a href=\"http:\/\/www.worldagilityopen.com\/\" target=\"_blank\" rel=\"noopener\">2015<\/a><\/td>\n<td><a href=\"http:\/\/www.worldagilityopen.com\/\" target=\"_blank\" rel=\"noopener\">WAO World Agility Open Championship<\/a><\/td>\n<td><a href=\"http:\/\/www.worldagilityopen.com\/\" target=\"_blank\" rel=\"noopener\">NL<\/a><\/td>\n<td><a href=\"http:\/\/www.worldagilityopen.com\/\" target=\"_blank\" rel=\"noopener\">Ermelo<\/a><\/td>\n<td><a href=\"http:\/\/www.worldagilityopen.com\/\" target=\"_blank\" rel=\"noopener\">www<\/a><\/td>\n<\/tr>\n<tr>\n<td><a href=\"http:\/\/weser-ems-hoppers.de\/nordseeturnier-3\/\" target=\"_blank\" rel=\"noopener\">23-24<\/a><\/td>\n<td><a href=\"http:\/\/weser-ems-hoppers.de\/nordseeturnier-3\/\" target=\"_blank\" rel=\"noopener\">05<\/a><\/td>\n<td><a href=\"http:\/\/weser-ems-hoppers.de\/nordseeturnier-3\/\" target=\"_blank\" rel=\"noopener\">2015<\/a><\/td>\n<td><a href=\"http:\/\/weser-ems-hoppers.de\/nordseeturnier-3\/\" target=\"_blank\" rel=\"noopener\">Nordsee Tournier<\/a><\/td>\n<td><a href=\"http:\/\/weser-ems-hoppers.de\/nordseeturnier-3\/\" target=\"_blank\" rel=\"noopener\">DE<\/a><\/td>\n<td><a href=\"http:\/\/weser-ems-hoppers.de\/nordseeturnier-3\/\" target=\"_blank\" rel=\"noopener\">Sandstedt <\/a><\/td>\n<td><a href=\"http:\/\/weser-ems-hoppers.de\/nordseeturnier-3\/\" target=\"_blank\" rel=\"noopener\">www<\/a><\/td>\n<\/tr>\n<tr>\n<td><a href=\"http:\/\/www.danube-trophy.eu\/danube-trophy-info-en\" target=\"_blank\" rel=\"noopener\">4-7<\/a><\/td>\n<td><a href=\"http:\/\/www.danube-trophy.eu\/danube-trophy-info-en\" target=\"_blank\" rel=\"noopener\">06<\/a><\/td>\n<td><a href=\"http:\/\/www.danube-trophy.eu\/danube-trophy-info-en\" target=\"_blank\" rel=\"noopener\">2015<\/a><\/td>\n<td><a href=\"http:\/\/www.danube-trophy.eu\/danube-trophy-info-en\" target=\"_blank\" rel=\"noopener\">Blue Danube Trophy<\/a><\/td>\n<td><a href=\"http:\/\/www.danube-trophy.eu\/danube-trophy-info-en\" target=\"_blank\" rel=\"noopener\">AT<\/a><\/td>\n<td><a href=\"http:\/\/www.danube-trophy.eu\/danube-trophy-info-en\" target=\"_blank\" rel=\"noopener\">Korneuburg<\/a><\/td>\n<td><a href=\"http:\/\/www.danube-trophy.eu\/danube-trophy-info-en\" target=\"_blank\" rel=\"noopener\">www<\/a><\/td>\n<\/tr>\n<tr>\n<td><a href=\"http:\/\/iabc2015.com\" target=\"_blank\" rel=\"noopener\">19-21<\/a><\/td>\n<td><a href=\"http:\/\/iabc2015.com\" target=\"_blank\" rel=\"noopener\">06<\/a><\/td>\n<td><a href=\"http:\/\/iabc2015.com\" target=\"_blank\" rel=\"noopener\">2015<\/a><\/td>\n<td><a href=\"http:\/\/iabc2015.com\" target=\"_blank\" rel=\"noopener\">IABC International All Breeds Cup<\/a><\/td>\n<td><a href=\"http:\/\/iabc2015.com\" target=\"_blank\" rel=\"noopener\">IT<\/a><\/td>\n<td><a href=\"http:\/\/iabc2015.com\" target=\"_blank\" rel=\"noopener\">Venezia<\/a><\/td>\n<td><a href=\"http:\/\/iabc2015.com\" target=\"_blank\" rel=\"noopener\">www<\/a><\/td>\n<\/tr>\n<tr>\n<td><a href=\"http:\/\/www.bordercollie-agility-meeting.de\/\" target=\"_blank\" rel=\"noopener\">19-21<\/a><\/td>\n<td><a href=\"http:\/\/www.bordercollie-agility-meeting.de\/\" target=\"_blank\" rel=\"noopener\">06<\/a><\/td>\n<td><a href=\"http:\/\/www.bordercollie-agility-meeting.de\/\" target=\"_blank\" rel=\"noopener\">2015<\/a><\/td>\n<td><a href=\"http:\/\/www.bordercollie-agility-meeting.de\/\" target=\"_blank\" rel=\"noopener\">Border Collie Agility Meeting (BAM)<\/a><\/td>\n<td><a href=\"http:\/\/www.bordercollie-agility-meeting.de\/\" target=\"_blank\" rel=\"noopener\">DE<\/a><\/td>\n<td><a href=\"http:\/\/www.bordercollie-agility-meeting.de\/\" target=\"_blank\" rel=\"noopener\">Neu-Ulm<\/a><\/td>\n<td><a href=\"http:\/\/www.bordercollie-agility-meeting.de\/\" target=\"_blank\" rel=\"noopener\">www<\/a><\/td>\n<\/tr>\n<tr>\n<td><a href=\"http:\/\/www.clubagilitylalmozara.com\/noticias\/62-l-almozara-dog-festival.html\" target=\"_blank\" rel=\"noopener\">26-28<\/a><\/td>\n<td><a href=\"http:\/\/www.clubagilitylalmozara.com\/noticias\/62-l-almozara-dog-festival.html\" target=\"_blank\" rel=\"noopener\">06<\/a><\/td>\n<td><a href=\"http:\/\/www.clubagilitylalmozara.com\/noticias\/62-l-almozara-dog-festival.html\" target=\"_blank\" rel=\"noopener\">2015<\/a><\/td>\n<td><a href=\"http:\/\/www.clubagilitylalmozara.com\/noticias\/62-l-almozara-dog-festival.html\" target=\"_blank\" rel=\"noopener\">L&#8217;Almozara Dog Festival (Ex Gotor)<\/a><\/td>\n<td><a href=\"http:\/\/www.clubagilitylalmozara.com\/noticias\/62-l-almozara-dog-festival.html\" target=\"_blank\" rel=\"noopener\">ES<\/a><\/td>\n<td><a href=\"http:\/\/www.clubagilitylalmozara.com\/noticias\/62-l-almozara-dog-festival.html\" target=\"_blank\" rel=\"noopener\">Zuera<\/a><\/td>\n<td><a href=\"http:\/\/www.clubagilitylalmozara.com\/noticias\/62-l-almozara-dog-festival.html\" target=\"_blank\" rel=\"noopener\">www<\/a><\/td>\n<\/tr>\n<tr>\n<td><a href=\"http:\/\/guldagility.se\/\" target=\"_blank\" rel=\"noopener\">2-5<\/a><\/td>\n<td><a href=\"http:\/\/guldagility.se\/\" target=\"_blank\" rel=\"noopener\">07<\/a><\/td>\n<td><a href=\"http:\/\/guldagility.se\/\" target=\"_blank\" rel=\"noopener\">2015<\/a><\/td>\n<td><a href=\"http:\/\/guldagility.se\/\" target=\"_blank\" rel=\"noopener\">GuldAgility<\/a><\/td>\n<td><a href=\"http:\/\/guldagility.se\/\" target=\"_blank\" rel=\"noopener\">SE<\/a><\/td>\n<td><a href=\"http:\/\/guldagility.se\/\" target=\"_blank\" rel=\"noopener\">Kalmar<\/a><\/td>\n<td><a href=\"http:\/\/guldagility.se\/\" target=\"_blank\" rel=\"noopener\">www<\/a><\/td>\n<\/tr>\n<tr>\n<td><a href=\"http:\/\/www.moraviaopen.cz\/\" target=\"_blank\" rel=\"noopener\">3-5<\/a><\/td>\n<td><a href=\"http:\/\/www.moraviaopen.cz\/\" target=\"_blank\" rel=\"noopener\">07<\/a><\/td>\n<td><a href=\"http:\/\/www.moraviaopen.cz\/\" target=\"_blank\" rel=\"noopener\">2015<\/a><\/td>\n<td><a href=\"http:\/\/www.moraviaopen.cz\/\" target=\"_blank\" rel=\"noopener\">Moravia Open<\/a><\/td>\n<td><a href=\"http:\/\/www.moraviaopen.cz\/\" target=\"_blank\" rel=\"noopener\">CZ<\/a><\/td>\n<td><a href=\"http:\/\/www.moraviaopen.cz\/\" target=\"_blank\" rel=\"noopener\">Ro\u017enov pod Radho\u0161t\u011bm<\/a><\/td>\n<td><a href=\"http:\/\/www.moraviaopen.cz\/\" target=\"_blank\" rel=\"noopener\">www<\/a><\/td>\n<\/tr>\n<tr>\n<td><a href=\"http:\/\/agilityuken.no\" target=\"_blank\" rel=\"noopener\">5-11<\/a><\/td>\n<td><a href=\"http:\/\/agilityuken.no\" target=\"_blank\" rel=\"noopener\">07<\/a><\/td>\n<td><a href=\"http:\/\/agilityuken.no\" target=\"_blank\" rel=\"noopener\">2015<\/a><\/td>\n<td><a href=\"http:\/\/agilityuken.no\" target=\"_blank\" rel=\"noopener\">Agilityuken<\/a><\/td>\n<td><a href=\"http:\/\/agilityuken.no\" target=\"_blank\" rel=\"noopener\">NO<\/a><\/td>\n<td><a href=\"http:\/\/agilityuken.no\" target=\"_blank\" rel=\"noopener\">Lista Flypark<\/a><\/td>\n<td><a href=\"http:\/\/agilityuken.no\" target=\"_blank\" rel=\"noopener\">www<\/a><\/td>\n<\/tr>\n<tr>\n<td><a href=\"http:\/\/www.eojunior2015.cz\/\" target=\"_blank\" rel=\"noopener\">10-12<\/a><\/td>\n<td><a href=\"http:\/\/www.eojunior2015.cz\/\" target=\"_blank\" rel=\"noopener\">07<\/a><\/td>\n<td><a href=\"http:\/\/www.eojunior2015.cz\/\" target=\"_blank\" rel=\"noopener\">2015<\/a><\/td>\n<td><a href=\"http:\/\/www.eojunior2015.cz\/\" target=\"_blank\" rel=\"noopener\">JEO Junior European Open<\/a><\/td>\n<td><a href=\"http:\/\/www.eojunior2015.cz\/\" target=\"_blank\" rel=\"noopener\">CZ<\/a><\/td>\n<td><a href=\"http:\/\/www.eojunior2015.cz\/\" target=\"_blank\" rel=\"noopener\">Ro\u017enov pod Radho\u0161t\u011bm<\/a><\/td>\n<td><a href=\"http:\/\/www.eojunior2015.cz\/\" target=\"_blank\" rel=\"noopener\">www<\/a><\/td>\n<\/tr>\n<tr>\n<td><a href=\"http:\/\/www.jutlandia-cup.dk\/de\/index_de.html\" target=\"_blank\" rel=\"noopener\">12-18<\/a><\/td>\n<td><a href=\"http:\/\/www.jutlandia-cup.dk\/de\/index_de.html\" target=\"_blank\" rel=\"noopener\">07<\/a><\/td>\n<td><a href=\"http:\/\/www.jutlandia-cup.dk\/de\/index_de.html\" target=\"_blank\" rel=\"noopener\">2015<\/a><\/td>\n<td><a href=\"http:\/\/www.jutlandia-cup.dk\/de\/index_de.html\" target=\"_blank\" rel=\"noopener\">Jutlandia Cup<\/a><\/td>\n<td><a href=\"http:\/\/www.jutlandia-cup.dk\/de\/index_de.html\" target=\"_blank\" rel=\"noopener\">DK<\/a><\/td>\n<td><a href=\"http:\/\/www.jutlandia-cup.dk\/de\/index_de.html\" target=\"_blank\" rel=\"noopener\">Esbjerg<\/a><\/td>\n<td><a href=\"http:\/\/www.jutlandia-cup.dk\/de\/index_de.html\" target=\"_blank\" rel=\"noopener\">www<\/a><\/td>\n<\/tr>\n<tr>\n<td><a href=\"http:\/\/www.agility-eo.de\/html\/default\/home.en.html\" target=\"_blank\" rel=\"noopener\">24-26<\/a><\/td>\n<td><a href=\"http:\/\/www.agility-eo.de\/html\/default\/home.en.html\" target=\"_blank\" rel=\"noopener\">07<\/a><\/td>\n<td><a href=\"http:\/\/www.agility-eo.de\/html\/default\/home.en.html\" target=\"_blank\" rel=\"noopener\">2015<\/a><\/td>\n<td><a href=\"http:\/\/www.agility-eo.de\/html\/default\/home.en.html\" target=\"_blank\" rel=\"noopener\">EO European Open<\/a><\/td>\n<td><a href=\"http:\/\/www.agility-eo.de\/html\/default\/home.en.html\" target=\"_blank\" rel=\"noopener\">DE<\/a><\/td>\n<td><a href=\"http:\/\/www.agility-eo.de\/html\/default\/home.en.html\" target=\"_blank\" rel=\"noopener\">Rieden<\/a><\/td>\n<td><a href=\"http:\/\/www.agility-eo.de\/html\/default\/home.en.html\" target=\"_blank\" rel=\"noopener\">www<\/a><\/td>\n<\/tr>\n<tr>\n<td><a href=\"http:\/\/www.agility-zuerisee-cup.ch\/\" target=\"_blank\" rel=\"noopener\">24-26<\/a><\/td>\n<td><a href=\"http:\/\/www.agility-zuerisee-cup.ch\/\" target=\"_blank\" rel=\"noopener\">07<\/a><\/td>\n<td><a href=\"http:\/\/www.agility-zuerisee-cup.ch\/\" target=\"_blank\" rel=\"noopener\">2015<\/a><\/td>\n<td><a href=\"http:\/\/www.agility-zuerisee-cup.ch\/\" target=\"_blank\" rel=\"noopener\">Zurisee Cup<\/a><\/td>\n<td><a href=\"http:\/\/www.agility-zuerisee-cup.ch\/\" target=\"_blank\" rel=\"noopener\">CH<\/a><\/td>\n<td><a href=\"http:\/\/www.agility-zuerisee-cup.ch\/\" target=\"_blank\" rel=\"noopener\">W\u00e4denswil<\/a><\/td>\n<td><a href=\"http:\/\/www.agility-zuerisee-cup.ch\/\" target=\"_blank\" rel=\"noopener\">www<\/a><\/td>\n<\/tr>\n<tr>\n<td><a href=\"http:\/\/bcc2015.jimdo.com\/\" target=\"_blank\" rel=\"noopener\">31-2<\/a><\/td>\n<td><a href=\"http:\/\/bcc2015.jimdo.com\/\" target=\"_blank\" rel=\"noopener\">07\/08<\/a><\/td>\n<td><a href=\"http:\/\/bcc2015.jimdo.com\/\" target=\"_blank\" rel=\"noopener\">2015<\/a><\/td>\n<td><a href=\"http:\/\/bcc2015.jimdo.com\/\" target=\"_blank\" rel=\"noopener\">Border Collie Classic<\/a><\/td>\n<td><a href=\"http:\/\/bcc2015.jimdo.com\/\" target=\"_blank\" rel=\"noopener\">LU<\/a><\/td>\n<td><a href=\"http:\/\/bcc2015.jimdo.com\/\" target=\"_blank\" rel=\"noopener\">Roeser<\/a><\/td>\n<td><a href=\"http:\/\/bcc2015.jimdo.com\/\" target=\"_blank\" rel=\"noopener\">www<\/a><\/td>\n<\/tr>\n<tr>\n<td>1-2<\/td>\n<td>08<\/td>\n<td>2015<\/td>\n<td>MAC &amp; Winterlingcup<\/td>\n<td>DE<\/td>\n<td>Emmendingen<\/td>\n<td><\/td>\n<\/tr>\n<tr>\n<td><a href=\"http:\/\/www.hsvbeetebuerg.com\/agility-by-night-2015\/\" target=\"_blank\" rel=\"noopener\">7-9<\/a><\/td>\n<td><a href=\"http:\/\/www.hsvbeetebuerg.com\/agility-by-night-2015\/\" target=\"_blank\" rel=\"noopener\">08<\/a><\/td>\n<td><a href=\"http:\/\/www.hsvbeetebuerg.com\/agility-by-night-2015\/\" target=\"_blank\" rel=\"noopener\">2015<\/a><\/td>\n<td><a href=\"http:\/\/www.hsvbeetebuerg.com\/agility-by-night-2015\/\" target=\"_blank\" rel=\"noopener\">Agility by Night<\/a><\/td>\n<td><a href=\"http:\/\/www.hsvbeetebuerg.com\/agility-by-night-2015\/\" target=\"_blank\" rel=\"noopener\">LU<\/a><\/td>\n<td><a href=\"http:\/\/www.hsvbeetebuerg.com\/agility-by-night-2015\/\" target=\"_blank\" rel=\"noopener\">Roeser<\/a><\/td>\n<td><a href=\"http:\/\/www.hsvbeetebuerg.com\/agility-by-night-2015\/\" target=\"_blank\" rel=\"noopener\">www<\/a><\/td>\n<\/tr>\n<tr>\n<td><a href=\"http:\/\/slovakiaopen.skiper.sk\/\" target=\"_blank\" rel=\"noopener\">15-16<\/a><\/td>\n<td><a href=\"http:\/\/slovakiaopen.skiper.sk\/\" target=\"_blank\" rel=\"noopener\">08<\/a><\/td>\n<td><a href=\"http:\/\/slovakiaopen.skiper.sk\/\" target=\"_blank\" rel=\"noopener\">2015<\/a><\/td>\n<td><a href=\"http:\/\/slovakiaopen.skiper.sk\/\" target=\"_blank\" rel=\"noopener\">Slovakia Open<\/a><\/td>\n<td><a href=\"http:\/\/slovakiaopen.skiper.sk\/\" target=\"_blank\" rel=\"noopener\">SK<\/a><\/td>\n<td><a href=\"http:\/\/slovakiaopen.skiper.sk\/\" target=\"_blank\" rel=\"noopener\">Galanta<\/a><\/td>\n<td><a href=\"http:\/\/slovakiaopen.skiper.sk\/\" target=\"_blank\" rel=\"noopener\">www<\/a><\/td>\n<\/tr>\n<tr>\n<td><a href=\"https:\/\/www.facebook.com\/groups\/720429937994615\/\" target=\"_blank\" rel=\"noopener\">15-16<\/a><\/td>\n<td><a href=\"https:\/\/www.facebook.com\/groups\/720429937994615\/\" target=\"_blank\" rel=\"noopener\">08<\/a><\/td>\n<td><a href=\"https:\/\/www.facebook.com\/groups\/720429937994615\/\" target=\"_blank\" rel=\"noopener\">2015<\/a><\/td>\n<td><a href=\"https:\/\/www.facebook.com\/groups\/720429937994615\/\" target=\"_blank\" rel=\"noopener\">B.A.T.S. Beach Tournier<\/a><\/td>\n<td><a href=\"https:\/\/www.facebook.com\/groups\/720429937994615\/\" target=\"_blank\" rel=\"noopener\">DE<\/a><\/td>\n<td><a href=\"https:\/\/www.facebook.com\/groups\/720429937994615\/\" target=\"_blank\" rel=\"noopener\">Hooksiel<\/a><\/td>\n<td><a href=\"https:\/\/www.facebook.com\/groups\/720429937994615\/\" target=\"_blank\" rel=\"noopener\">www<\/a><\/td>\n<\/tr>\n<tr>\n<td><a href=\"http:\/\/www.dogsinneedagility.com\/\" target=\"_blank\" rel=\"noopener\">17-23<\/a><\/td>\n<td><a href=\"http:\/\/www.dogsinneedagility.com\/\" target=\"_blank\" rel=\"noopener\">08<\/a><\/td>\n<td><a href=\"http:\/\/www.dogsinneedagility.com\/\" target=\"_blank\" rel=\"noopener\">2015<\/a><\/td>\n<td><a href=\"http:\/\/www.dogsinneedagility.com\/\" target=\"_blank\" rel=\"noopener\">Dogs in Need<\/a><\/td>\n<td><a href=\"http:\/\/www.dogsinneedagility.com\/\" target=\"_blank\" rel=\"noopener\">UK<\/a><\/td>\n<td><a href=\"http:\/\/www.dogsinneedagility.com\/\" target=\"_blank\" rel=\"noopener\">Ipswich<\/a><\/td>\n<td><a href=\"http:\/\/www.dogsinneedagility.com\/\" target=\"_blank\" rel=\"noopener\">www<\/a><\/td>\n<\/tr>\n<tr>\n<td><a href=\"http:\/\/imca-pawc2015.at\/\" target=\"_blank\" rel=\"noopener\">27-30<\/a><\/td>\n<td><a href=\"http:\/\/imca-pawc2015.at\/\" target=\"_blank\" rel=\"noopener\">08<\/a><\/td>\n<td><a href=\"http:\/\/imca-pawc2015.at\/\" target=\"_blank\" rel=\"noopener\">2015<\/a><\/td>\n<td><a href=\"http:\/\/imca-pawc2015.at\/\" target=\"_blank\" rel=\"noopener\">IMCA\/PAWC<\/a><\/td>\n<td><a href=\"http:\/\/imca-pawc2015.at\/\" target=\"_blank\" rel=\"noopener\">AT<\/a><\/td>\n<td><a href=\"http:\/\/imca-pawc2015.at\/\" target=\"_blank\" rel=\"noopener\">Traun<\/a><\/td>\n<td><a href=\"http:\/\/imca-pawc2015.at\/\" target=\"_blank\" rel=\"noopener\">www<\/a><\/td>\n<\/tr>\n<tr>\n<td><a href=\"http:\/\/www.thekennelclub.org.uk\/events\/international-agility-festival\/\" target=\"_blank\" rel=\"noopener\">13-16<\/a><\/td>\n<td><a href=\"http:\/\/www.thekennelclub.org.uk\/events\/international-agility-festival\/\" target=\"_blank\" rel=\"noopener\">08<\/a><\/td>\n<td><a href=\"http:\/\/www.thekennelclub.org.uk\/events\/international-agility-festival\/\" target=\"_blank\" rel=\"noopener\">2015<\/a><\/td>\n<td><a href=\"http:\/\/www.thekennelclub.org.uk\/events\/international-agility-festival\/\" target=\"_blank\" rel=\"noopener\">KC International Agility Festival<\/a><\/td>\n<td><a href=\"http:\/\/www.thekennelclub.org.uk\/events\/international-agility-festival\/\" target=\"_blank\" rel=\"noopener\">UK<\/a><\/td>\n<td><a href=\"http:\/\/www.thekennelclub.org.uk\/events\/international-agility-festival\/\" target=\"_blank\" rel=\"noopener\">Rockingham<\/a><\/td>\n<td><a href=\"http:\/\/www.thekennelclub.org.uk\/events\/international-agility-festival\/\" target=\"_blank\" rel=\"noopener\">www<\/a><\/td>\n<\/tr>\n<tr>\n<td><a href=\"http:\/\/www.agility-awc2015.it\/\" target=\"_blank\" rel=\"noopener\">08-11<\/a><\/td>\n<td><a href=\"http:\/\/www.agility-awc2015.it\/\" target=\"_blank\" rel=\"noopener\">10<\/a><\/td>\n<td><a href=\"http:\/\/www.agility-awc2015.it\/\" target=\"_blank\" rel=\"noopener\">2015<\/a><\/td>\n<td><a href=\"http:\/\/www.agility-awc2015.it\/\" target=\"_blank\" rel=\"noopener\">AWC Agility World Championship<\/a><\/td>\n<td><a href=\"http:\/\/www.agility-awc2015.it\/\" target=\"_blank\" rel=\"noopener\">IT<\/a><\/td>\n<td><a href=\"http:\/\/www.agility-awc2015.it\/\" target=\"_blank\" rel=\"noopener\">Bologna<\/a><\/td>\n<td><a href=\"http:\/\/www.agility-awc2015.it\/\" target=\"_blank\" rel=\"noopener\">www<\/a><\/td>\n<\/tr>\n<tr>\n<td><a href=\"http:\/\/www.norwegian-open.com\/\" target=\"_blank\" rel=\"noopener\">24-25<\/a><\/td>\n<td><a href=\"http:\/\/www.norwegian-open.com\/\" target=\"_blank\" rel=\"noopener\">10<\/a><\/td>\n<td><a href=\"http:\/\/www.norwegian-open.com\/\" target=\"_blank\" rel=\"noopener\">2015<\/a><\/td>\n<td><a href=\"http:\/\/www.norwegian-open.com\/\" target=\"_blank\" rel=\"noopener\">Norwegian Open<\/a><\/td>\n<td><a href=\"http:\/\/www.norwegian-open.com\/\" target=\"_blank\" rel=\"noopener\">NO<\/a><\/td>\n<td><a href=\"http:\/\/www.norwegian-open.com\/\" target=\"_blank\" rel=\"noopener\">Kongsvinger<\/a><\/td>\n<td><a href=\"http:\/\/www.norwegian-open.com\/\" target=\"_blank\" rel=\"noopener\">www<\/a><\/td>\n<\/tr>\n<tr>\n<td><a href=\"http:\/\/eurocup.skiper.sk.\" target=\"_blank\" rel=\"noopener\">24-25<\/a><\/td>\n<td><a href=\"http:\/\/eurocup.skiper.sk.\" target=\"_blank\" rel=\"noopener\">10<\/a><\/td>\n<td><a href=\"http:\/\/eurocup.skiper.sk.\" target=\"_blank\" rel=\"noopener\">2015<\/a><\/td>\n<td><a href=\"http:\/\/eurocup.skiper.sk.\" target=\"_blank\" rel=\"noopener\">EuroCup<\/a><\/td>\n<td><a href=\"http:\/\/eurocup.skiper.sk.\" target=\"_blank\" rel=\"noopener\">SK<\/a><\/td>\n<td><a href=\"http:\/\/eurocup.skiper.sk.\" target=\"_blank\" rel=\"noopener\">Galanta<\/a><\/td>\n<td><a href=\"http:\/\/eurocup.skiper.sk.\" target=\"_blank\" rel=\"noopener\">www<\/a><\/td>\n<\/tr>\n<tr>\n<td><a href=\"http:\/\/sheltieagility.com\/en\/\" target=\"_blank\" rel=\"noopener\">6-8<\/a><\/td>\n<td><a href=\"http:\/\/sheltieagility.com\/en\/\" target=\"_blank\" rel=\"noopener\">11<\/a><\/td>\n<td><a href=\"http:\/\/sheltieagility.com\/en\/\" target=\"_blank\" rel=\"noopener\">2015<\/a><\/td>\n<td><a href=\"http:\/\/sheltieagility.com\/en\/\" target=\"_blank\" rel=\"noopener\">International Sheltie Agility Championship<\/a><\/td>\n<td><a href=\"http:\/\/sheltieagility.com\/en\/\" target=\"_blank\" rel=\"noopener\">NL<\/a><\/td>\n<td><a href=\"http:\/\/sheltieagility.com\/en\/\" target=\"_blank\" rel=\"noopener\">Laag Soeren<\/a><\/td>\n<td><a href=\"http:\/\/sheltieagility.com\/en\/\" target=\"_blank\" rel=\"noopener\">www<\/a><\/td>\n<\/tr>\n<tr>\n<td><a href=\"http:\/\/4pawstrophy2015.jimdo.com\/\" target=\"_blank\" rel=\"noopener\">30-1<\/a><\/td>\n<td><a href=\"http:\/\/4pawstrophy2015.jimdo.com\/\" target=\"_blank\" rel=\"noopener\">12\/01<\/a><\/td>\n<td><a href=\"http:\/\/4pawstrophy2015.jimdo.com\/\" target=\"_blank\" rel=\"noopener\">2015<\/a><\/td>\n<td><a href=\"http:\/\/4pawstrophy2015.jimdo.com\/\" target=\"_blank\" rel=\"noopener\">4 Paws Trophy<\/a><\/td>\n<td><a href=\"http:\/\/4pawstrophy2015.jimdo.com\/\" target=\"_blank\" rel=\"noopener\">DE<\/a><\/td>\n<td><a href=\"http:\/\/4pawstrophy2015.jimdo.com\/\" target=\"_blank\" rel=\"noopener\">Saarburg<\/a><\/td>\n<td><a href=\"http:\/\/4pawstrophy2015.jimdo.com\/\" target=\"_blank\" rel=\"noopener\">www<\/a><\/td>\n<\/tr>\n<\/tbody>\n<\/table>\n","protected":false},"excerpt":{"rendered":"<p>&nbsp; Date Month Year Name Location Link 5-8 03 2015 Crufts UK Birmingham www 08-12 04 2015 WAC World Agility Championships IT Voghera www 1-4 05 2015 JEAF Jersey European Aglity Festval UK Jersey www 7-10 05 2015 FMBB WK Belgische herders CZ P\u00edsek www 14-17 05 2015 WAO World Agility Open Championship NL Ermelo [&hellip;]<\/p>\n","protected":false},"author":1,"featured_media":0,"parent":136,"menu_order":1,"comment_status":"closed","ping_status":"closed","template":"page-rightsidebar.php","meta":[],"yoast_head":"<!-- This site is optimized with the Yoast SEO plugin v15.7 - https:\/\/yoast.com\/wordpress\/plugins\/seo\/ -->\n<meta name=\"robots\" content=\"index, follow, max-snippet:-1, max-image-preview:large, max-video-preview:-1\" \/>\n<link rel=\"canonical\" href=\"https:\/\/agilitynews.eu\/?page_id=70\" \/>\n<meta property=\"og:locale\" content=\"en_GB\" \/>\n<meta property=\"og:type\" content=\"article\" \/>\n<meta property=\"og:title\" content=\"International Events 2015 - AGILITYnews.eu\" \/>\n<meta property=\"og:description\" content=\"&nbsp; Date Month Year Name Location Link 5-8 03 2015 Crufts UK Birmingham www 08-12 04 2015 WAC World Agility Championships IT Voghera www 1-4 05 2015 JEAF Jersey European Aglity Festval UK Jersey www 7-10 05 2015 FMBB WK Belgische herders CZ P\u00edsek www 14-17 05 2015 WAO World Agility Open Championship NL Ermelo [&hellip;]\" \/>\n<meta property=\"og:url\" content=\"https:\/\/agilitynews.eu\/?page_id=70\" \/>\n<meta property=\"og:site_name\" content=\"AGILITYnews.eu\" \/>\n<meta property=\"article:modified_time\" content=\"2021-01-31T21:27:38+00:00\" \/>\n<meta name=\"twitter:card\" content=\"summary\" \/>\n<meta name=\"twitter:label1\" content=\"Estimated reading time\">\n\t<meta name=\"twitter:data1\" content=\"1 minute\">\n<script type=\"application\/ld+json\" class=\"yoast-schema-graph\">{\"@context\":\"https:\/\/schema.org\",\"@graph\":[{\"@type\":\"WebSite\",\"@id\":\"https:\/\/agilitynews.eu\/#website\",\"url\":\"https:\/\/agilitynews.eu\/\",\"name\":\"AGILITYnews.eu\",\"description\":\"Information and coverage of the most beautiful sport in the world : Agility\",\"potentialAction\":[{\"@type\":\"SearchAction\",\"target\":\"https:\/\/agilitynews.eu\/?s={search_term_string}\",\"query-input\":\"required name=search_term_string\"}],\"inLanguage\":\"en-GB\"},{\"@type\":\"WebPage\",\"@id\":\"https:\/\/agilitynews.eu\/?page_id=70#webpage\",\"url\":\"https:\/\/agilitynews.eu\/?page_id=70\",\"name\":\"International Events 2015 - AGILITYnews.eu\",\"isPartOf\":{\"@id\":\"https:\/\/agilitynews.eu\/#website\"},\"datePublished\":\"2015-02-09T19:38:35+00:00\",\"dateModified\":\"2021-01-31T21:27:38+00:00\",\"inLanguage\":\"en-GB\",\"potentialAction\":[{\"@type\":\"ReadAction\",\"target\":[\"https:\/\/agilitynews.eu\/?page_id=70\"]}]}]}<\/script>\n<!-- \/ Yoast SEO plugin. -->","_links":{"self":[{"href":"https:\/\/agilitynews.eu\/index.php?rest_route=\/wp\/v2\/pages\/70"}],"collection":[{"href":"https:\/\/agilitynews.eu\/index.php?rest_route=\/wp\/v2\/pages"}],"about":[{"href":"https:\/\/agilitynews.eu\/index.php?rest_route=\/wp\/v2\/types\/page"}],"author":[{"embeddable":true,"href":"https:\/\/agilitynews.eu\/index.php?rest_route=\/wp\/v2\/users\/1"}],"replies":[{"embeddable":true,"href":"https:\/\/agilitynews.eu\/index.php?rest_route=%2Fwp%2Fv2%2Fcomments&post=70"}],"version-history":[{"count":27,"href":"https:\/\/agilitynews.eu\/index.php?rest_route=\/wp\/v2\/pages\/70\/revisions"}],"predecessor-version":[{"id":5181,"href":"https:\/\/agilitynews.eu\/index.php?rest_route=\/wp\/v2\/pages\/70\/revisions\/5181"}],"up":[{"embeddable":true,"href":"https:\/\/agilitynews.eu\/index.php?rest_route=\/wp\/v2\/pages\/136"}],"wp:attachment":[{"href":"https:\/\/agilitynews.eu\/index.php?rest_route=%2Fwp%2Fv2%2Fmedia&parent=70"}],"curies":[{"name":"wp","href":"https:\/\/api.w.org\/{rel}","templated":true}]}}